7 a prime number?
False
Is 153009799 a composite number?
False
Is 4399669 prime?
False
Is 23137 prime?
False
Is 7759529 composite?
True
Is 15542951 a composite number?
False
Is 824363 composite?
True
Is 211595935 prime?
False
Is 10755689 a composite number?
True
Is 21270269 a prime number?
True
Is 84735751 composite?
False
Is 654919 composite?
True
Is 10673419 composite?
True
Is 43410769 composite?
True
Is 7549063 prime?
True
Is 1134943 a composite number?
True
Is 58782901 a prime number?
True
Is 6800037 a composite number?
True
Is 171596527 a composite number?
False
Is 33720013 a composite number?
True
Is 186816163 composite?
True
Is 837141 composite?
True
Is 106796243 composite?
True
Is 117556561 a prime number?
True
Is 5348507 prime?
True
Is 42177781 a composite number?
False
Is 1499912071 composite?
True
Is 1855921 composite?
False
Is 27459317 prime?
False
Is 5834011 a prime number?
True
Is 5351614 a prime number?
False
Is 5789719 a composite number?
True
Is 850163 composite?
True
Is 7463039 prime?
True
Is 72569731 prime?
False
Is 167593 a composite number?
False
Is 36400171 a prime number?
True
Is 3945671 prime?
True
Is 32631161 composite?
False
Is 100087399 composite?
True
Is 252726103 a prime number?
False
Is 348199591 a prime number?
True
Is 237733 composite?
False
Is 8481877 a prime number?
True
Is 7016435 prime?
False
Is 8362047 a prime number?
False
Is 868817 composite?
False
Is 16488347 a composite number?
True
Is 548000897 composite?
False
Is 76862009 composite?
True
Is 7851113 a prime number?
True
Is 1816396913 prime?
True
Is 83934691 a composite number?
True
Is 186197717 composite?
False
Is 182113 prime?
False
Is 236549 a prime number?
True
Is 118302361 composite?
False
Is 494159 a prime number?
False
Is 149204366 a composite number?
True
Is 941807 a prime number?
False
Is 35806187 a prime number?
False
Is 251967593 a composite number?
True
Is 85988921 a prime number?
True
Is 4106147 a composite number?
True
Is 1488007 a prime number?
True
Is 42072871 a composite number?
True
Is 27095231 composite?
False
Is 3239741 prime?
False
Is 551581197 a prime number?
False
Is 12623743 prime?
False
Is 231949 a composite number?
True
Is 5871467 composite?
True
Is 336188291 a prime number?
True
Is 2254303 prime?
False
Is 99920537 composite?
True
Is 3206417 composite?
False
Is 33162463 prime?
True
Is 16702937 composite?
False
Is 64426753 prime?
False
Is 1415857 prime?
False
Is 7049671 composite?
True
Is 383496953 a composite number?
True
Is 105836503 prime?
True
Is 5683481 composite?
False
Is 2631623 a composite number?
True
Is 164994619 a composite number?
True
Is 2836783 composite?
True
Is 1092779 composite?
False
Is 691120427 composite?
True
Is 899123 a prime number?
True
Is 22603159 a prime number?
False
Is 163001831 prime?
False
Is 109494413 prime?
False
Is 679843 composite?
False
Is 14849941 a composite number?
False
Is 4059593 a composite number?
False
Is 37860013 prime?
True
Is 7310299 composite?
False
Is 18331 composite?
True
Is 932240423 composite?
False
Is 7340269 prime?
True
Is 5312557 a prime number?
True
Is 105313049 composite?
False
Is 422783 a composite number?
True
Is 36249247 a composite number?
False
Is 8610583 a prime number?
True
Is 77028353 a composite number?
False
Is 256974959 composite?
False
Is 511756313 a prime number?
False
Is 1309261 a prime number?
False
Is 239101559 a composite number?
True
Is 5102239 a prime number?
True
Is 7304779 a prime number?
False
Is 677301 a prime number?
False
Is 37698719 a prime number?
True
Is 149919173 a composite number?
False
Is 40723309 prime?
False
Is 2037449 composite?
False
Is 151786181 a composite number?
False
Is 5203283 a composite number?
True
Is 50212463 prime?
False
Is 7918783 a prime number?
False
Is 249674671 composite?
True
Is 32455903 a composite number?
True
Is 7128659 a composite number?
True
Is 1842679 a composite number?
True
Is 490829 composite?
False
Is 22591165 a prime number?
False
Is 701333 composite?
True
Is 421912081 a prime number?
False
Is 246899 prime?
True
Is 253298363 composite?
False
Is 9792943 a prime number?
True
Is 660652735 a prime number?
False
Is 4425877 prime?
True
Is 372890779 prime?
True
Is 39583381 a prime number?
True
Is 2176043 composite?
True
Is 1342717 prime?
False
Is 153975223 a composite number?
True
Is 52708277 a prime number?
False
Is 1243093 a prime number?
True
Is 12601543 composite?
False
Is 538181609 composite?
True
Is 17849239 a prime number?
False
Is 61858033 prime?
True
Is 5373653 a composite number?
False
Is 547301 a composite number?
False
Is 15314727 a prime number?
False
Is 1861919 composite?
True
Is 29248469 prime?
False
Is 505759 a composite number?
False
Is 71234921 composite?
True
Is 33034357 prime?
True
Is 10698287 a prime number?
False
Is 196339099 a prime number?
False
Is 1099267 a prime number?
False
Is 26734787 prime?
True
Is 338092363 prime?
False
Is 348153977 a prime number?
True
Is 351755 a prime number?
False
Is 12745739 a prime number?
True
Is 32164589 composite?
False
Is 23417113 a prime number?
False
Is 1677055 prime?
False
Is 30834953 composite?
False
Is 1977499 a composite number?
False
Is 99504833 prime?
False
Is 362303 composite?
False
Is 277267 a prime number?
False
Is 12249921 prime?
False
Is 2594161 a composite number?
False
Is 1976737291 composite?
False
Is 14942671 a composite number?
False
Is 23458741 a composite number?
False
Is 61056311 composite?
False
Is 6036067 composite?
False
Is 2308238 a composite number?
True
Is 21283859 a prime number?
True
Is 1048841 composite?
True
Is 40459 a prime number?
True
Is 8228401 a prime number?
True
Is 3848017 prime?
True
Is 9615869 a prime number?
False
Is 22343 a composite number?
False
Is 687191 prime?
False
Is 10832653 a composite number?
True
Is 70847071 prime?
True
Is 9729191 composite?
False
Is 12899837 a prime number?
True
Is 157388801 prime?
True
Is 256441 a prime number?
True
Is 997331 prime?
False
Is 15097529 composite?
False
Is 6479897 composite?
False
Is 324098633 a prime number?
True
Is 419963 a composite number?
True
Is 33717121 prime?
False
Is 5201947 a composite number?
True
Is 2539807 prime?
False
Is 1440721 prime?
False
Is 118830815 prime?
False
Is 46883873 composite?
True
Is 8965351 a prime number?
True
Is 106615433 composite?
False
Is 1271318 a composite number?
True
Is 9678143 a composite number?
False
Is 43382639 a composite number?
True
Is 47813239 prime?
True
Is 107732801 prime?
False
Is 5665577 a prime number?
False
Is 561013 a composite number?
True
Is 19288673 composite?
False
Is 23252213 composite?
True
Is 6901483 prime?
False
Is 49753751 a prime number?
True
Is 1438257 composite?
True
Is 146407 prime?
True
Is 5949599 prime?
True
Is 112339559 composite?
False
Is 254381441 prime?
True
Is 4246469 composite?
False
Is 29728273 a prime number?
False
Is 35110599 prime?
False
Is 8291203 a composite number?
True
Is 10976687 a prime number?
True
Is 21354231 a prime number?
False
Is 1953761 a composite number?
False
Is 3853119 composite?
True
Is 400183969 prime?
False
Is 669373 composite?
True
Is 3767485 prime?
False
Is 20304937 prime?
True
Is 42234539 composite?
False
Is 1385723 composite?
True
Is 546001 a composite number?
False
Is 69292537 a composite number?
True
Is 48476089 a composite number?
True
Is 205208155 composite?
True
Is 1647649 prime?
True
Is 2836887 a composite number?
True
Is 45683111 a prime number?
False
Is 11311345 prime?
False
Is 485656879 a composite number?
False
Is 162440347 a prime number?
False
Is 820891 composite?
False
Is 274035893 a prime number?
False
Is 139861831 a prime number?
False
Is 21489101 a composite number?
False
Is 1389749 prime?
True
Is 249152513 a prime number?
True
Is 56270491 a prime number?
False
Is 11471587 a prime number?
True
Is 477773171 a composite number?
False
Is 4151249 composite?
True
Is 17582843 a composite number?
False
Is 66168509 a prime number?
False
Is 3473303 a composite number?
True
Is 2923559 a prime number?
True
Is 2118007 prime?
True
Is 536989 a composite number?
False
Is 6261655 composite?
True
Is 6147653 composite?
False
Is 12251803 a composite number?
False
Is 2502419 composite?
True
Is 167258041 a prime number?
False
Is 1557263 a prime number?
False
Is 1448647 a prime